{"id":3194,"date":"2023-09-23T13:34:04","date_gmt":"2023-09-23T13:34:04","guid":{"rendered":"https:\/\/bonprix-dz.com\/?post_type=product&#038;p=3194"},"modified":"2023-09-23T13:34:04","modified_gmt":"2023-09-23T13:34:04","slug":"%d8%b3%d9%85%d8%a7%d8%b9%d8%a7%d8%aa-%d8%b1%d8%a3%d8%b3-%d9%84%d8%a7%d8%b3%d9%84%d9%83%d9%8a%d8%a9-p47","status":"publish","type":"product","link":"https:\/\/bonprix-dz.com\/?product=%d8%b3%d9%85%d8%a7%d8%b9%d8%a7%d8%aa-%d8%b1%d8%a3%d8%b3-%d9%84%d8%a7%d8%b3%d9%84%d9%83%d9%8a%d8%a9-p47","title":{"rendered":"\u0633\u0645\u0627\u0639\u0627\u062a \u0631\u0623\u0633 \u0644\u0627\u0633\u0644\u0643\u064a\u0629 P47"},"content":{"rendered":"<div>\n<div class=\"detailmodule_media\" data-spm-anchor-id=\"a2g0o.detail.1000023.i6.2594ZYA3ZYA3KF\">\n<div class=\"video-container-1100183327694 video-container-detail\" data-aplus-ae=\"x1_25fc8428\" data-spm-anchor-id=\"a2g0o.detail.1000023.i0.2594ZYA3ZYA3KF\"><img decoding=\"async\" id=\"poster\" src=\"https:\/\/i0.wp.com\/ae01.alicdn.com\/kf\/S9e4b70f3af9a49409ffe8c8a1c48b017d.jpg?ssl=1\" alt=\"\" data-recalc-dims=\"1\" \/><\/div>\n<\/div>\n<\/div>\n<div><\/div>\n<p align=\"left\"><strong id=\"tl_1\" data-spm-anchor-id=\"a2g0o.detail.1000023.i2.2594ZYA3ZYA3KF\">\u0633\u0645\u0627\u0639\u0627\u062a \u0631\u0623\u0633 \u0644\u0627\u0633\u0644\u0643\u064a\u0629 P47<\/strong><span id=\"tl_2\"><br \/>\n1. \u0627\u0644\u0645\u064a\u0632\u0627\u062a: \u0645\u062d\u0645\u0648\u0644\u0629.<\/span><\/p>\n<p align=\"left\"><span id=\"tl_3\">2. Function: \u0627\u0644\u0631\u062f \u0639\u0644\u0649 \u0627\u0644\u0647\u0627\u062a\u0641 \u060c \u0648\u0638\u064a\u0641\u0629 \u060c \u0645\u064a\u0643\u0631\u0648\u0641\u0648\u0646 \u060c \u0625\u0644\u063a\u0627\u0621 \u0627\u0644\u0636\u0648\u0636\u0627\u0621 \u060c \u0623\u063a\u0646\u064a\u0629 \u0627\u0644\u062a\u0628\u062f\u064a\u0644 \u060c Sweatproof \u060c \u0627\u0644\u062a\u062d\u0643\u0645 \u0627\u0644\u0635\u0648\u062a\u064a \u060c \u0645\u0648\u062c\u0647 \u0627\u0644\u0635\u0648\u062a \u060c \u0645\u0642\u0627\u0648\u0645 \u0644\u0644\u0645\u0627\u0621.<\/span><\/p>\n<p align=\"left\"><span id=\"tl_4\" data-spm-anchor-id=\"a2g0o.detail.1000023.i5.2594ZYA3ZYA3KF\">3. \u0627\u0644\u0645\u0648\u0627\u062f: \u0627\u0644\u0645\u0639\u062f\u0646 \u060c \u0627\u0644\u0643\u0645\u0628\u064a\u0648\u062a\u0631.<\/span><\/p>\n<p align=\"left\"><span id=\"tl_5\">4-\u0627\u0644\u0645\u0648\u062f\u064a\u0644: P47.<\/span><\/p>\n<p align=\"left\"><span id=\"tl_6\">5. \u0627\u0644\u0646\u0648\u0639: \u0641\u0648\u0642 \u0627\u0644\u0623\u0630\u0646.<\/span><\/p>\n<p align=\"left\" data-spm-anchor-id=\"a2g0o.detail.1000023.i4.2594ZYA3ZYA3KF\"><span id=\"tl_7\" data-spm-anchor-id=\"a2g0o.detail.1000023.i3.2594ZYA3ZYA3KF\">6. \u0646\u0648\u0639 \u0627\u0631\u062a\u062f\u0627\u0621: \u0639\u0642\u0627\u0644<\/span><\/p>\n","protected":false},"excerpt":{"rendered":"<p>\u0633\u0645\u0627\u0639\u0627\u062a \u0631\u0623\u0633 \u0644\u0627\u0633\u0644\u0643\u064a\u0629 P47 1. \u0627\u0644\u0645\u064a\u0632\u0627\u062a: \u0645\u062d\u0645\u0648\u0644\u0629. 2. Function: \u0627\u0644\u0631\u062f \u0639\u0644\u0649 \u0627\u0644\u0647\u0627\u062a\u0641 \u060c \u0648\u0638\u064a\u0641\u0629 \u060c \u0645\u064a\u0643\u0631\u0648\u0641\u0648\u0646 \u060c \u0625\u0644\u063a\u0627\u0621 \u0627\u0644\u0636\u0648\u0636\u0627\u0621 \u060c<\/p>\n","protected":false},"featured_media":3195,"comment_status":"open","ping_status":"closed","template":"","meta":{"om_disable_all_campaigns":false,"_monsterinsights_skip_tracking":false,"_monsterinsights_sitenote_active":false,"_monsterinsights_sitenote_note":"","_monsterinsights_sitenote_category":0,"iawp_total_views":5},"product_cat":[39],"product_tag":[],"class_list":{"0":"post-3194","1":"product","2":"type-product","3":"status-publish","4":"has-post-thumbnail","6":"product_cat-headphone","8":"first","9":"instock","10":"taxable","11":"shipping-taxable","12":"purchasable","13":"product-type-simple"},"aioseo_notices":[],"jetpack-related-posts":[{"id":3485,"url":"https:\/\/bonprix-dz.com\/?product=casque-bluetooth-p47","url_meta":{"origin":3194,"position":0},"title":"Casque Bluetooth P47","author":"bonprix-dz.com","date":"\u0646\u0648\u0641\u0645\u0628\u0631 9, 2023","format":false,"excerpt":"Casque P47 \u2013 Bluetooth \u2013 Sans Fil & Flexible & Pliable. Supporte La carte m\u00e9moire et la Radio. Peut \u00eatre Utilis\u00e9 avec un cable Jack (Auxiliaire) en cas de d\u00e9chargement. Profils de soutien: HSP, HFP, A2DP, AVRCP. Gamme de fr\u00e9quences: 2.4026 GHz-2.480 GHz Temps de lecture de musique: 8-10 heures\u2026","rel":"","context":"\u062a\u062f\u0648\u064a\u0646\u0629 \u0645\u0634\u0627\u0628\u0647\u0629","block_context":{"text":"\u062a\u062f\u0648\u064a\u0646\u0629 \u0645\u0634\u0627\u0628\u0647\u0629","link":""},"img":{"alt_text":"","src":"https:\/\/i0.wp.com\/bonprix-dz.com\/wp-content\/uploads\/2023\/11\/17598883141037599854.jpg?fit=600%2C600&ssl=1&resize=350%2C200","width":350,"height":200,"srcset":"https:\/\/i0.wp.com\/bonprix-dz.com\/wp-content\/uploads\/2023\/11\/17598883141037599854.jpg?fit=600%2C600&ssl=1&resize=350%2C200 1x, https:\/\/i0.wp.com\/bonprix-dz.com\/wp-content\/uploads\/2023\/11\/17598883141037599854.jpg?fit=600%2C600&ssl=1&resize=525%2C300 1.5x"},"classes":[]},{"id":4562,"url":"https:\/\/bonprix-dz.com\/?product=hoco-ew72","url_meta":{"origin":3194,"position":1},"title":"HOCO EW72","author":"bonprix-dz.com","date":"\u0623\u0643\u062a\u0648\u0628\u0631 5, 2024","format":false,"excerpt":"\u0646\u0638\u0631\u0629 \u0639\u0627\u0645\u0629 \u0633\u0645\u0627\u0639\u0629 \u0631\u0623\u0633 \u0644\u0627\u0633\u0644\u0643\u064a\u0629 \u062d\u0642\u064a\u0642\u064a\u0629 \u0628\u0634\u0627\u0634\u0629 \u062a\u0639\u0645\u0644 \u0628\u0627\u0644\u0644\u0645\u0633 \u0644\u0644\u062d\u062f \u0645\u0646 \u0627\u0644\u0636\u0648\u0636\u0627\u0621 \u0645\u0646 HOCO EW72 1. \u0628\u0644\u0648\u062a\u0648\u062b. 2. \u0633\u0639\u0629 \u0627\u0644\u0628\u0637\u0627\u0631\u064a\u0629: \u0639\u0644\u0628\u0629 \u0627\u0644\u0634\u062d\u0646 \u060c \u0633\u0645\u0627\u0639\u0629 \u0631\u0623\u0633 30 \u0645\u0644\u0644\u064a \u0623\u0645\u0628\u064a\u0631 3. \u0648\u0642\u062a \u0627\u0644\u0627\u0633\u062a\u062e\u062f\u0627\u0645: 4 \u0633\u0627\u0639\u0627\u062a 4. \u0627\u0644\u062d\u062c\u0645: \u060c * \u0645\u0646 \u0623\u062c\u0644 * * 23 \u060c \u0627\u0644\u0648\u0632\u0646 \u0627\u0644\u0625\u062c\u0645\u0627\u0644\u064a: 5. \u062f\u0639\u0645 \u0627\u0644\u062d\u062f \u0645\u0646 \u0627\u0644\u0636\u0648\u0636\u0627\u0621\u2026","rel":"","context":"\u062a\u062f\u0648\u064a\u0646\u0629 \u0645\u0634\u0627\u0628\u0647\u0629","block_context":{"text":"\u062a\u062f\u0648\u064a\u0646\u0629 \u0645\u0634\u0627\u0628\u0647\u0629","link":""},"img":{"alt_text":"","src":"https:\/\/i0.wp.com\/bonprix-dz.com\/wp-content\/uploads\/2024\/10\/S2067d764c26e474d990114083d10d6d9n.avif?resize=350%2C200&ssl=1","width":350,"height":200,"srcset":"https:\/\/i0.wp.com\/bonprix-dz.com\/wp-content\/uploads\/2024\/10\/S2067d764c26e474d990114083d10d6d9n.avif?resize=350%2C200&ssl=1 1x, https:\/\/i0.wp.com\/bonprix-dz.com\/wp-content\/uploads\/2024\/10\/S2067d764c26e474d990114083d10d6d9n.avif?resize=525%2C300&ssl=1 1.5x, https:\/\/i0.wp.com\/bonprix-dz.com\/wp-content\/uploads\/2024\/10\/S2067d764c26e474d990114083d10d6d9n.avif?resize=700%2C400&ssl=1 2x"},"classes":[]},{"id":4178,"url":"https:\/\/bonprix-dz.com\/?product=hoco-eq9","url_meta":{"origin":3194,"position":2},"title":"Hoco EQ9","author":"bonprix-dz.com","date":"\u064a\u0648\u0646\u064a\u0648 10, 2024","format":false,"excerpt":"\u0633\u0645\u0627\u0639\u0627\u062a \u0623\u062f\u0646 \u0644\u0627\u0633\u0644\u0643\u064a\u0629 hoco \u0623\u0635\u0644\u064a\u0629 \u0628\u0644\u0648\u062a\u0648\u062a . \u0633\u0645\u0627\u0639\u0627\u062a \u0623\u062f\u0646 \u0631\u064a\u0627\u0636\u064a\u0629 \u0645\u0636\u0627\u062f\u0629 \u0644\u0644\u0645\u0627\u0621 \u0644\u0647\u0627\u062a\u0641 iphone \u0648 ChlQ9 . \u0648 swarsa \u0648\u0633\u062a\u064a\u0631\u064a\u0648 \u062f\u0627\u062e\u0644 \u0623\u062f\u0646 .","rel":"","context":"\u062a\u062f\u0648\u064a\u0646\u0629 \u0645\u0634\u0627\u0628\u0647\u0629","block_context":{"text":"\u062a\u062f\u0648\u064a\u0646\u0629 \u0645\u0634\u0627\u0628\u0647\u0629","link":""},"img":{"alt_text":"","src":"https:\/\/i0.wp.com\/bonprix-dz.com\/wp-content\/uploads\/2024\/06\/7752975561781590134.jpg?fit=800%2C800&ssl=1&resize=350%2C200","width":350,"height":200,"srcset":"https:\/\/i0.wp.com\/bonprix-dz.com\/wp-content\/uploads\/2024\/06\/7752975561781590134.jpg?fit=800%2C800&ssl=1&resize=350%2C200 1x, https:\/\/i0.wp.com\/bonprix-dz.com\/wp-content\/uploads\/2024\/06\/7752975561781590134.jpg?fit=800%2C800&ssl=1&resize=525%2C300 1.5x, https:\/\/i0.wp.com\/bonprix-dz.com\/wp-content\/uploads\/2024\/06\/7752975561781590134.jpg?fit=800%2C800&ssl=1&resize=700%2C400 2x"},"classes":[]},{"id":370,"url":"https:\/\/bonprix-dz.com\/?product=eames-plastic-side-chair","url_meta":{"origin":3194,"position":3},"title":"M10 TWS \u0633\u0645\u0627\u0639\u0627\u062a \u0628\u0644\u0648\u062a\u0648\u062b \u0644\u0627\u0633\u0644\u0643\u064a\u0629","author":"bonprix-dz.com","date":"\u064a\u0648\u0646\u064a\u0648 22, 2017","format":false,"excerpt":"\u0633\u0645\u0627\u0639\u0627\u062a \u0628\u0644\u0648\u062a\u0648\u062b \u0644\u0627\u0633\u0644\u0643\u064a\u0629 V5.1 M10 TWS \u0648 POWER BANK \u0641\u064a \u0646\u0641\u0633 \u0627\u0644\u0648\u0642\u062a \u0644\u0644\u0647\u0648\u0627\u062a\u0641 \u0627\u0644\u0630\u0643\u064a\u0629 \u0648\u0633\u0645\u0627\u0639\u0627\u062a \u0627\u0644\u0623\u0630\u0646 \u062c\u0648\u062f\u0629 \u0635\u0648\u062a M10 PRO HD: \u0645\u0639 \u062a\u0642\u0646\u064a\u0629 CVC8.0 \u0648 DSP \u0644\u062a\u0642\u0644\u064a\u0644 \u0627\u0644\u0636\u0648\u0636\u0627\u0621 \u0627\u0644\u0645\u0632\u062f\u0648\u062c\u0629 \u060c \u062a\u0643\u0648\u0646 \u0627\u0644\u0645\u0643\u0627\u0644\u0645\u0627\u062a \u0628\u0643\u0644\u062a\u0627 \u0627\u0644\u0623\u0630\u0646\u064a\u0646 \u0648\u0627\u0636\u062d\u0629 \u0645\u062b\u0644 \u0627\u0644\u0645\u062d\u0627\u062f\u062b\u0627\u062a \u0648\u062c\u0647\u064b\u0627 \u0644\u0648\u062c\u0647. \u062a\u062c\u0631\u0628\u0629 \u0627\u0644\u0627\u0633\u062a\u0645\u0627\u0639. SIRI Voice Assistant: \u0627\u0636\u063a\u0637 \u0644\u0641\u062a\u0631\u0629 \u0637\u0648\u064a\u0644\u0629 \u0644\u0645\u062f\u0629 \u062b\u0627\u0646\u064a\u062a\u064a\u0646 \u0644\u0644\u0627\u062a\u0635\u0627\u0644\u2026","rel":"","context":"\u062a\u062a\u0636\u0645\u0646 1 \u0645\u0646 \u0627\u0644\u062a\u0639\u0644\u064a\u0642\u0627\u062a","block_context":{"text":"\u062a\u062a\u0636\u0645\u0646 1 \u0645\u0646 \u0627\u0644\u062a\u0639\u0644\u064a\u0642\u0627\u062a","link":"https:\/\/bonprix-dz.com\/?product=eames-plastic-side-chair#comments"},"img":{"alt_text":"","src":"https:\/\/i0.wp.com\/bonprix-dz.com\/wp-content\/uploads\/2017\/06\/S625b9cd5c0774297a113d14cbc01fcc8h.jpg?fit=800%2C800&ssl=1&resize=350%2C200","width":350,"height":200,"srcset":"https:\/\/i0.wp.com\/bonprix-dz.com\/wp-content\/uploads\/2017\/06\/S625b9cd5c0774297a113d14cbc01fcc8h.jpg?fit=800%2C800&ssl=1&resize=350%2C200 1x, https:\/\/i0.wp.com\/bonprix-dz.com\/wp-content\/uploads\/2017\/06\/S625b9cd5c0774297a113d14cbc01fcc8h.jpg?fit=800%2C800&ssl=1&resize=525%2C300 1.5x, https:\/\/i0.wp.com\/bonprix-dz.com\/wp-content\/uploads\/2017\/06\/S625b9cd5c0774297a113d14cbc01fcc8h.jpg?fit=800%2C800&ssl=1&resize=700%2C400 2x"},"classes":[]},{"id":3238,"url":"https:\/\/bonprix-dz.com\/?product=anker-soundcore-r50i-earbuds","url_meta":{"origin":3194,"position":4},"title":"Anker Soundcore R50i Earbuds","author":"bonprix-dz.com","date":"\u0633\u0628\u062a\u0645\u0628\u0631 24, 2023","format":false,"excerpt":"\u0627\u0644\u0645\u064a\u0632\u0627\u062a \u0627\u0644\u0623\u0633\u0627\u0633\u064a\u0629 Extra-bass, powerful music experience with 10mm driver. 10H playtime on a single charge and 30H playtime with charging case AI-Enhanced calls via 2 mics. Easily carry your earbuds everywhere with knitted lanyard \u0627\u0644\u0645\u0648\u0627\u0635\u0641\u0627\u062a \u0646\u0648\u0639 \u0627\u0644\u062a\u0648\u0635\u064a\u0644 \u0628\u0644\u0648\u062a\u0648\u062b\/\u0644\u0627\u0633\u0644\u0643\u064a\u0629 \u0627\u0633\u0645 \u0627\u0644\u0644\u0648\u0646 \u0623\u0633\u0648\u062f \u0645\u0642\u0628\u0633 \u0627\u0644\u0635\u0648\u062a \u0628\u062f\u0648\u0646 \u0633\u0645\u0627\u0639\u0627\u062a \u062c\u0627\u0643 \u0646\u0648\u0639 \u0633\u0645\u0627\u0639\u0627\u062a \u0627\u0644\u0635\u0648\u062a \u0633\u0645\u0627\u0639\u0629\u2026","rel":"","context":"\u062a\u062f\u0648\u064a\u0646\u0629 \u0645\u0634\u0627\u0628\u0647\u0629","block_context":{"text":"\u062a\u062f\u0648\u064a\u0646\u0629 \u0645\u0634\u0627\u0628\u0647\u0629","link":""},"img":{"alt_text":"","src":"https:\/\/i0.wp.com\/bonprix-dz.com\/wp-content\/uploads\/2023\/09\/r50i.png?fit=900%2C900&ssl=1&resize=350%2C200","width":350,"height":200,"srcset":"https:\/\/i0.wp.com\/bonprix-dz.com\/wp-content\/uploads\/2023\/09\/r50i.png?fit=900%2C900&ssl=1&resize=350%2C200 1x, https:\/\/i0.wp.com\/bonprix-dz.com\/wp-content\/uploads\/2023\/09\/r50i.png?fit=900%2C900&ssl=1&resize=525%2C300 1.5x, https:\/\/i0.wp.com\/bonprix-dz.com\/wp-content\/uploads\/2023\/09\/r50i.png?fit=900%2C900&ssl=1&resize=700%2C400 2x"},"classes":[]},{"id":3134,"url":"https:\/\/bonprix-dz.com\/?product=m88-plus-tws-%d8%b3%d9%85%d8%a7%d8%b9%d8%a7%d8%aa","url_meta":{"origin":3194,"position":5},"title":"M88 PLUS TWS \u0633\u0645\u0627\u0639\u0627\u062a","author":"bonprix-dz.com","date":"\u0633\u0628\u062a\u0645\u0628\u0631 16, 2023","format":false,"excerpt":"\u0646\u0638\u0631\u0629 \u0639\u0627\u0645\u0629 \u0627\u0644\u0623\u0635\u0644\u064a TWS M88 \u0632\u0627\u0626\u062f \u0633\u0645\u0627\u0639\u0627\u062a \u0644\u0627\u0633\u0644\u0643\u064a\u0629 \u0627\u0644\u0623\u0644\u0639\u0627\u0628 \u0633\u0645\u0627\u0639\u0629 \u0645\u0639 \u0645\u0627\u064a\u0643\u0631\u0648\u0641\u0648\u0646 \u0628\u0644\u0648\u062a\u0648\u062b 5.1 \u0627\u0644\u0631\u064a\u0627\u0636\u0629 \u0633\u0645\u0627\u0639\u0627\u062a \u0627\u0644\u0645\u0648\u0633\u064a\u0642\u0649 \u0633\u0645\u0627\u0639\u0627\u062a \u0622\u064a\u0641\u0648\u0646 \u0634\u0627\u0648\u0645\u064a \u0646\u0633\u062e\u0629 \u0628\u0644\u0648\u062a\u0648\u062b: \u0628\u0644\u0648\u062a\u0648\u062b V5.3 \u0628\u0644\u0648\u062a\u0648\u062b \u062a\u0631\u062f\u062f \u0627\u0644\u0641\u0631\u0642\u0629: 2.4GHz \u0645\u0648\u0627\u0635\u0641\u0627\u062a \u0645\u0643\u0628\u0631 \u0627\u0644\u0635\u0648\u062a: \u03a68mm 16\u03a9 \u0639\u0644\u0627\u0645\u0629 \u062d\u0633\u0627\u0633\u064a\u0629 \u0627\u0644\u0631\u064a\u0627\u062d: -42dB\/\u00b1 3dB \u0645\u0633\u0627\u0641\u0629 \u0627\u0644\u0625\u0631\u0633\u0627\u0644: \u2264 10 \u0645\u062a\u0631 (\u0644\u0627 \u062a\u0648\u062c\u062f \u0639\u0642\u0628\u0627\u062a) \u0633\u0639\u0629 \u0628\u0637\u0627\u0631\u064a\u0629 \u0627\u0644\u0633\u0645\u0627\u0639\u0629: 40mAh\u2026","rel":"","context":"\u062a\u062f\u0648\u064a\u0646\u0629 \u0645\u0634\u0627\u0628\u0647\u0629","block_context":{"text":"\u062a\u062f\u0648\u064a\u0646\u0629 \u0645\u0634\u0627\u0628\u0647\u0629","link":""},"img":{"alt_text":"","src":"https:\/\/i0.wp.com\/bonprix-dz.com\/wp-content\/uploads\/2023\/09\/07c967ec-bab4-4906-83e9-605495dbb2cf.jpg?fit=800%2C800&ssl=1&resize=350%2C200","width":350,"height":200,"srcset":"https:\/\/i0.wp.com\/bonprix-dz.com\/wp-content\/uploads\/2023\/09\/07c967ec-bab4-4906-83e9-605495dbb2cf.jpg?fit=800%2C800&ssl=1&resize=350%2C200 1x, https:\/\/i0.wp.com\/bonprix-dz.com\/wp-content\/uploads\/2023\/09\/07c967ec-bab4-4906-83e9-605495dbb2cf.jpg?fit=800%2C800&ssl=1&resize=525%2C300 1.5x, https:\/\/i0.wp.com\/bonprix-dz.com\/wp-content\/uploads\/2023\/09\/07c967ec-bab4-4906-83e9-605495dbb2cf.jpg?fit=800%2C800&ssl=1&resize=700%2C400 2x"},"classes":[]}],"_links":{"self":[{"href":"https:\/\/bonprix-dz.com\/index.php?rest_route=\/wp\/v2\/product\/3194","targetHints":{"allow":["GET"]}}],"collection":[{"href":"https:\/\/bonprix-dz.com\/index.php?rest_route=\/wp\/v2\/product"}],"about":[{"href":"https:\/\/bonprix-dz.com\/index.php?rest_route=\/wp\/v2\/types\/product"}],"replies":[{"embeddable":true,"href":"https:\/\/bonprix-dz.com\/index.php?rest_route=%2Fwp%2Fv2%2Fcomments&post=3194"}],"version-history":[{"count":1,"href":"https:\/\/bonprix-dz.com\/index.php?rest_route=\/wp\/v2\/product\/3194\/revisions"}],"predecessor-version":[{"id":3199,"href":"https:\/\/bonprix-dz.com\/index.php?rest_route=\/wp\/v2\/product\/3194\/revisions\/3199"}],"wp:featuredmedia":[{"embeddable":true,"href":"https:\/\/bonprix-dz.com\/index.php?rest_route=\/wp\/v2\/media\/3195"}],"wp:attachment":[{"href":"https:\/\/bonprix-dz.com\/index.php?rest_route=%2Fwp%2Fv2%2Fmedia&parent=3194"}],"wp:term":[{"taxonomy":"product_cat","embeddable":true,"href":"https:\/\/bonprix-dz.com\/index.php?rest_route=%2Fwp%2Fv2%2Fproduct_cat&post=3194"},{"taxonomy":"product_tag","embeddable":true,"href":"https:\/\/bonprix-dz.com\/index.php?rest_route=%2Fwp%2Fv2%2Fproduct_tag&post=3194"}],"curies":[{"name":"wp","href":"https:\/\/api.w.org\/{rel}","templated":true}]}}