{"id":3272,"date":"2023-09-25T02:51:06","date_gmt":"2023-09-25T02:51:06","guid":{"rendered":"https:\/\/bonprix-dz.com\/?post_type=product&#038;p=3272"},"modified":"2025-10-22T09:47:23","modified_gmt":"2025-10-22T09:47:23","slug":"bluetooth-hoco-w39","status":"publish","type":"product","link":"https:\/\/bonprix-dz.com\/?product=bluetooth-hoco-w39","title":{"rendered":"Bluetooth HOCO W39"},"content":{"rendered":"<div class=\"title--wrap--wDzGayX description--title--ZsqjrTd\">\n<div class=\"title--text--Lx66GPw\">\n<h1 class=\"title--title--RN9Pt03\">\u0646\u0638\u0631\u0629 \u0639\u0627\u0645\u0629<\/h1>\n<\/div>\n<\/div>\n<div>\n<div class=\"extend--content--DlnAngg\">\n<div>\n<div id=\"product-description\" class=\"description--product-description--nxRv0lW\" data-spm=\"1000023\" data-pl=\"product-description\" data-spm-anchor-id=\"a2g0o.detail.0.1000023.5f4e7455lKZ2ET\">\n<div class=\"description--origin-part--SsZJoGC\">\n<h3>\u0627\u0644\u062a\u062e\u0635\u0635\u0627\u062a: \u062f\u0639\u0645 \u0628\u0644\u0648\u062a\u0648\u062b \u0641\u0648\u0644\u062a 5.3 \u060c \u0631\u0642\u0627\u0642\u0629: JL 6925F \u060c 10 \u0645\u062a\u0631 \u0645\u0633\u0627\u0641\u0629 \u0627\u0644\u0639\u0645\u0644 \u060c 10 \u0633\u0627\u0639\u0627\u062a \u0645\u0646 \u0627\u0644\u0645\u0648\u0633\u064a\u0642\u0649\/\u0627\u0644\u062a\u0622\u0645\u0631 \u060c 2 \u0633\u0627\u0639\u0629 \u0645\u0646 \u0648\u0642\u062a \u0627\u0644\u0634\u062d\u0646 \u0627\u0644\u0643\u0627\u0645\u0644 \u060c 180 \u0633\u0627\u0639\u0629 \u0648\u0642\u062a \u0627\u0644\u0627\u0646\u062a\u0638\u0627\u0631 \u060c \u062f\u064a\u0646\u0627\u0645\u064a\u0627\u062a 2 \u00d7 40 \u0645\u0645 \u060c \u0645\u0624\u0634\u0631 \u0627\u0644\u0634\u062d\u0646 \u060c \u0625\u0636\u0627\u0621\u0629 \u0627\u0644\u0645\u0646\u062d\u062f\u0631\u0627\u062a \u0645\u0639 \u0623\u0636\u0648\u0627\u0621 \u0645\u062e\u062a\u0644\u0641\u0629. \u062f\u064a\u0633\u064a\u0646 \u0645\u0635\u0645\u0645 \u062e\u0635\u064a\u0635\u0627 \u0644\u0644\u0623\u0637\u0641\u0627\u0644. \u0633\u0645\u0643 \u064a\u0642\u062a\u0635\u0631 \u0639\u0644\u0649 85 \u062f\u064a\u0633\u064a\u0628\u0644 \u0644\u062d\u0645\u0627\u064a\u0629 \u0622\u0630\u0627\u0646 \u0627\u0644\u0623\u0637\u0641\u0627\u0644. \u0627\u0644\u0642\u0644\u064a\u0644 \u0645\u0646 \u0627\u0644\u0648\u0632\u0646. \u0627\u0644\u0634\u062d\u0646\u0629. \u0627\u0644\u0648\u0632\u0646 184<\/h3>\n<h3>\u0627\u0644\u0648\u0632\u0646 \u0641\u064a \u0627\u0644\u0639\u0628\u0648\u0629 \u060c g: 356<\/h3>\n<h3>\u0623\u0628\u0639\u0627\u062f \u0627\u0644\u062a\u063a\u0644\u064a\u0641: 230 \u00d7 175 \u00d7 88 \u0645\u0645<\/h3>\n<\/div>\n<\/div>\n<\/div>\n<\/div>\n<\/div>\n","protected":false},"excerpt":{"rendered":"<p>\u0646\u0638\u0631\u0629 \u0639\u0627\u0645\u0629 \u0627\u0644\u062a\u062e\u0635\u0635\u0627\u062a: \u062f\u0639\u0645 \u0628\u0644\u0648\u062a\u0648\u062b \u0641\u0648\u0644\u062a 5.3 \u060c \u0631\u0642\u0627\u0642\u0629: JL 6925F \u060c 10 \u0645\u062a\u0631 \u0645\u0633\u0627\u0641\u0629 \u0627\u0644\u0639\u0645\u0644 \u060c 10 \u0633\u0627\u0639\u0627\u062a \u0645\u0646<\/p>\n","protected":false},"featured_media":3292,"comment_status":"open","ping_status":"closed","template":"","meta":{"om_disable_all_campaigns":false,"_monsterinsights_skip_tracking":false,"_monsterinsights_sitenote_active":false,"_monsterinsights_sitenote_note":"","_monsterinsights_sitenote_category":0,"iawp_total_views":19},"product_cat":[39],"product_tag":[70],"class_list":{"0":"post-3272","1":"product","2":"type-product","3":"status-publish","4":"has-post-thumbnail","6":"product_cat-headphone","7":"product_tag-hoco","9":"first","10":"instock","11":"taxable","12":"shipping-taxable","13":"purchasable","14":"product-type-simple"},"aioseo_notices":[],"jetpack-related-posts":[{"id":4444,"url":"https:\/\/bonprix-dz.com\/?product=hoco-ew-61","url_meta":{"origin":3272,"position":0},"title":"Hoco EW 61","author":"bonprix-dz.com","date":"\u0623\u063a\u0633\u0637\u0633 18, 2024","format":false,"excerpt":"EW61 June\u060c \u0633\u0645\u0627\u0639\u0629 TWS\u060c BT v5.3\u060c \u0628\u0637\u0627\u0631\u064a\u0629 \u0639\u0644\u0628\u0629 \u0627\u0644\u0634\u062d\u0646 320 \u0645\u0644\u0644\u064a \u0623\u0645\u0628\u064a\u0631\u060c \u0628\u0637\u0627\u0631\u064a\u0629 \u0633\u0645\u0627\u0639\u0629 \u0627\u0644\u0631\u0623\u0633 40 \u0645\u0644\u0644\u064a \u0623\u0645\u0628\u064a\u0631\u060c 7 \u0633\u0627\u0639\u0627\u062a \u0645\u0646 \u0627\u0644\u0627\u0633\u062a\u062e\u062f\u0627\u0645 \u0648180 \u0633\u0627\u0639\u0629 \u0641\u064a \u0648\u0636\u0639 \u0627\u0644\u0627\u0633\u062a\u0639\u062f\u0627\u062f 1. \u0625\u0635\u062f\u0627\u0631 BT: v5.3. \u0627\u0644\u0634\u0631\u064a\u062d\u0629: JL AC6983D2. 2. \u0627\u0644\u0628\u0631\u0648\u062a\u0648\u0643\u0648\u0644\u0627\u062a \u0627\u0644\u0645\u062f\u0639\u0648\u0645\u0629: \u0633\u0645\u0627\u0639\u0629 \u0627\u0644\u0631\u0623\u0633\u060c \u062d\u0631 \u0627\u0644\u064a\u062f\u064a\u0646\u060c A2DP\u060c AVRCP. 3. \u0645\u0633\u0627\u0641\u0629 \u0627\u0644\u0625\u0631\u0633\u0627\u0644: 10 \u0623\u0645\u062a\u0627\u0631. 4. \u062a\u0631\u062f\u062f\u2026","rel":"","context":"\u062a\u062f\u0648\u064a\u0646\u0629 \u0645\u0634\u0627\u0628\u0647\u0629","block_context":{"text":"\u062a\u062f\u0648\u064a\u0646\u0629 \u0645\u0634\u0627\u0628\u0647\u0629","link":""},"img":{"alt_text":"","src":"https:\/\/i0.wp.com\/bonprix-dz.com\/wp-content\/uploads\/2024\/08\/1000026793.jpg?fit=800%2C800&ssl=1&resize=350%2C200","width":350,"height":200,"srcset":"https:\/\/i0.wp.com\/bonprix-dz.com\/wp-content\/uploads\/2024\/08\/1000026793.jpg?fit=800%2C800&ssl=1&resize=350%2C200 1x, https:\/\/i0.wp.com\/bonprix-dz.com\/wp-content\/uploads\/2024\/08\/1000026793.jpg?fit=800%2C800&ssl=1&resize=525%2C300 1.5x, https:\/\/i0.wp.com\/bonprix-dz.com\/wp-content\/uploads\/2024\/08\/1000026793.jpg?fit=800%2C800&ssl=1&resize=700%2C400 2x"},"classes":[]},{"id":4474,"url":"https:\/\/bonprix-dz.com\/?product=hoco-ew28-gaming","url_meta":{"origin":3272,"position":1},"title":"hoco EW28 gaming","author":"bonprix-dz.com","date":"\u0633\u0628\u062a\u0645\u0628\u0631 2, 2024","format":false,"excerpt":"\u0633\u0645\u0627\u0639\u0629 EW28 Magic TWS\u060c BT v5.3\u060c \u0634\u0631\u064a\u062d\u0629 \u0623\u0644\u0639\u0627\u0628 \u0630\u0627\u062a \u0632\u0645\u0646 \u0627\u0646\u062a\u0642\u0627\u0644 \u0645\u0646\u062e\u0641\u0636 60 \u0645\u0644\u0644\u064a \u062b\u0627\u0646\u064a\u0629\u060c 7 \u0633\u0627\u0639\u0627\u062a \u0645\u0646 \u0627\u0644\u0627\u0633\u062a\u062e\u062f\u0627\u0645 \u0648200 \u0633\u0627\u0639\u0629 \u0641\u064a \u0648\u0636\u0639 \u0627\u0644\u0627\u0633\u062a\u0639\u062f\u0627\u062f 1. \u0625\u0635\u062f\u0627\u0631 BT: v5.3. \u0627\u0644\u0634\u0631\u064a\u062d\u0629: JL AC6983D4. 2. \u0627\u0644\u0628\u0631\u0648\u062a\u0648\u0643\u0648\u0644\u0627\u062a \u0627\u0644\u0645\u062f\u0639\u0648\u0645\u0629: \u0633\u0645\u0627\u0639\u0629 \u0627\u0644\u0631\u0623\u0633\u060c \u062d\u0631 \u0627\u0644\u064a\u062f\u064a\u0646\u060c A2DP\u060c AVRCP. 3. \u0645\u0633\u0627\u0641\u0629 \u0627\u0644\u0625\u0631\u0633\u0627\u0644: 10 \u0645. 4. \u062a\u0631\u062f\u062f \u0627\u0644\u0625\u0631\u0633\u0627\u0644: 2.4 \u0647\u0631\u062a\u0632.\u2026","rel":"","context":"\u062a\u062f\u0648\u064a\u0646\u0629 \u0645\u0634\u0627\u0628\u0647\u0629","block_context":{"text":"\u062a\u062f\u0648\u064a\u0646\u0629 \u0645\u0634\u0627\u0628\u0647\u0629","link":""},"img":{"alt_text":"","src":"https:\/\/i0.wp.com\/bonprix-dz.com\/wp-content\/uploads\/2024\/09\/1000027307.jpg?fit=800%2C800&ssl=1&resize=350%2C200","width":350,"height":200,"srcset":"https:\/\/i0.wp.com\/bonprix-dz.com\/wp-content\/uploads\/2024\/09\/1000027307.jpg?fit=800%2C800&ssl=1&resize=350%2C200 1x, https:\/\/i0.wp.com\/bonprix-dz.com\/wp-content\/uploads\/2024\/09\/1000027307.jpg?fit=800%2C800&ssl=1&resize=525%2C300 1.5x, https:\/\/i0.wp.com\/bonprix-dz.com\/wp-content\/uploads\/2024\/09\/1000027307.jpg?fit=800%2C800&ssl=1&resize=700%2C400 2x"},"classes":[]},{"id":4588,"url":"https:\/\/bonprix-dz.com\/?product=hoco-eq11","url_meta":{"origin":3272,"position":2},"title":"HOCO EQ11","author":"bonprix-dz.com","date":"\u0623\u0643\u062a\u0648\u0628\u0631 7, 2024","format":false,"excerpt":"\u0646\u0638\u0631\u0629 \u0639\u0627\u0645\u0629 \u00a0 HOCO EQ11 \u0635\u062d\u064a\u062d \u0627\u0644\u0644\u0627\u0633\u0644\u0643\u064a\u0629 ANC \u0627\u0644\u062d\u062f \u0645\u0646 \u0627\u0644\u0636\u0648\u0636\u0627\u0621 \u0633\u0645\u0627\u0639\u0629 \u0628\u0644\u0648\u062a\u0648\u062b \u0627\u0644\u0645\u062f\u0645\u062c \u0641\u064a \u0645\u064a\u0643\u0631\u0648\u0641\u0648\u0646 \u0627\u0644\u062a\u062d\u0643\u0645 \u0628\u0627\u0644\u0644\u0645\u0633 \u0633\u0645\u0627\u0639\u0627\u062a \u0623\u0630\u0646 \u0633\u062a\u064a\u0631\u064a\u0648 \u062f\u0627\u062e\u0644 \u0627\u0644\u0623\u0630\u0646 \u0627\u0644\u0645\u0645\u064a\u0632\u0627\u062a : 1. \u0645\u0648\u0627\u0635\u0641\u0627\u062a \u0627\u0644\u0628\u0644\u0648\u062a\u0648\u062b: \u0628\u0644\u0648\u062a\u0648\u062b V5.3\u060c \u062c\u064a\u0644\u064a AC6973D4 \u0628\u0631\u0648\u062a\u0648\u0643\u0648\u0644 \u0627\u0644\u062f\u0639\u0645: \u0633\u0645\u0627\u0639\u0629 \u0627\u0644\u0631\u0623\u0633 \u0628\u062f\u0648\u0646 \u0627\u0633\u062a\u062e\u062f\u0627\u0645 \u0627\u0644\u064a\u062f\u064a\u0646 A2DPAvrcp 2. \u0646\u0637\u0627\u0642 \u0627\u0644\u0625\u0631\u0633\u0627\u0644 10 \u0623\u0645\u062a\u0627\u0631 \u0645\u0639\u062f\u0644 \u0627\u0644\u0625\u0631\u0633\u0627\u0644 24 \u062c\u064a\u062c\u0627 \u0647\u0631\u062a\u0632\u2026","rel":"","context":"\u062a\u062f\u0648\u064a\u0646\u0629 \u0645\u0634\u0627\u0628\u0647\u0629","block_context":{"text":"\u062a\u062f\u0648\u064a\u0646\u0629 \u0645\u0634\u0627\u0628\u0647\u0629","link":""},"img":{"alt_text":"","src":"https:\/\/i0.wp.com\/bonprix-dz.com\/wp-content\/uploads\/2024\/10\/S19d4ca8da0324693b0b32c8c4cef3074f.avif?resize=350%2C200&ssl=1","width":350,"height":200,"srcset":"https:\/\/i0.wp.com\/bonprix-dz.com\/wp-content\/uploads\/2024\/10\/S19d4ca8da0324693b0b32c8c4cef3074f.avif?resize=350%2C200&ssl=1 1x, https:\/\/i0.wp.com\/bonprix-dz.com\/wp-content\/uploads\/2024\/10\/S19d4ca8da0324693b0b32c8c4cef3074f.avif?resize=525%2C300&ssl=1 1.5x, https:\/\/i0.wp.com\/bonprix-dz.com\/wp-content\/uploads\/2024\/10\/S19d4ca8da0324693b0b32c8c4cef3074f.avif?resize=700%2C400&ssl=1 2x"},"classes":[]},{"id":4569,"url":"https:\/\/bonprix-dz.com\/?product=soundcore-by-anker-a20i","url_meta":{"origin":3272,"position":3},"title":"Soundcore by Anker A20i","author":"bonprix-dz.com","date":"\u0623\u0643\u062a\u0648\u0628\u0631 5, 2024","format":false,"excerpt":"Bluetooth 5.3, application, son personnalis\u00e9, autonomie de 28 heures, r\u00e9sistant \u00e0 l'eau \u0635\u0648\u062a \u0645\u062e\u0635\u0635: \u0627\u062e\u062a\u0631 \u0645\u0646 \u0628\u064a\u0646 22 \u0645\u064f\u0639\u0627\u062f\u0644 \u0635\u0648\u062a \u0645\u064f\u0639\u062f \u0645\u0633\u0628\u0642\u064b\u0627 \u0641\u064a \u062a\u0637\u0628\u064a\u0642 soundcore \u0648\u0642\u0645 \u0628\u062a\u062e\u0635\u064a\u0635 \u0639\u0646\u0627\u0635\u0631 \u0627\u0644\u062a\u062d\u0643\u0645 \u0641\u064a \u0627\u0644\u0646\u0642\u0631. \u0627\u0633\u062a\u062e\u062f\u0645 \u0625\u0639\u062f\u0627\u062f BassUp \u0627\u0644\u0645\u0645\u064a\u0632 \u0627\u0644\u062e\u0627\u0635 \u0628\u0640 soundcore \u0644\u062a\u0639\u0632\u064a\u0632 \u0635\u0648\u062a \u0627\u0644\u062c\u0647\u064a\u0631. \u0648\u0642\u062a \u062a\u0634\u063a\u064a\u0644 \u0637\u0648\u064a\u0644 \u0648\u0634\u062d\u0646 \u0633\u0631\u064a\u0639: \u0627\u062d\u0635\u0644 \u0639\u0644\u0649 9 \u0633\u0627\u0639\u0627\u062a\u2026","rel":"","context":"\u062a\u062f\u0648\u064a\u0646\u0629 \u0645\u0634\u0627\u0628\u0647\u0629","block_context":{"text":"\u062a\u062f\u0648\u064a\u0646\u0629 \u0645\u0634\u0627\u0628\u0647\u0629","link":""},"img":{"alt_text":"","src":"https:\/\/i0.wp.com\/bonprix-dz.com\/wp-content\/uploads\/2024\/10\/1.webp?fit=1200%2C1200&ssl=1&resize=350%2C200","width":350,"height":200,"srcset":"https:\/\/i0.wp.com\/bonprix-dz.com\/wp-content\/uploads\/2024\/10\/1.webp?fit=1200%2C1200&ssl=1&resize=350%2C200 1x, https:\/\/i0.wp.com\/bonprix-dz.com\/wp-content\/uploads\/2024\/10\/1.webp?fit=1200%2C1200&ssl=1&resize=525%2C300 1.5x, https:\/\/i0.wp.com\/bonprix-dz.com\/wp-content\/uploads\/2024\/10\/1.webp?fit=1200%2C1200&ssl=1&resize=700%2C400 2x, https:\/\/i0.wp.com\/bonprix-dz.com\/wp-content\/uploads\/2024\/10\/1.webp?fit=1200%2C1200&ssl=1&resize=1050%2C600 3x"},"classes":[]},{"id":3270,"url":"https:\/\/bonprix-dz.com\/?product=hoco-casque-decoute-stereo-w41","url_meta":{"origin":3272,"position":4},"title":"HOCO \u2013  W41","author":"bonprix-dz.com","date":"\u0633\u0628\u062a\u0645\u0628\u0631 25, 2023","format":false,"excerpt":"\u00a0HOCO W41 \u0633\u0645\u0627\u0639\u0627\u062a \u0645\u064a\u0632\u0629 1. \u0628\u0644\u0648\u062a\u0648\u062b 5.3 \u061b \u0631\u0642\u0627\u0642\u0629: JL AC6955F 2. \u0633\u0639\u0629 \u0627\u0644\u0628\u0637\u0627\u0631\u064a\u0629: 200mAh \u061b \u0648\u0642\u062a \u0627\u0644\u0634\u062d\u0646: \u062d\u0648\u0627\u0644\u064a 2 \u0633\u0627\u0639\u0629 3. \u0648\u0642\u062a \u0627\u0644\u062e\u062f\u0645\u0629: 7 \u0633\u0627\u0639\u0627\u062a \u061b \u0648\u0642\u062a \u0627\u0644\u0627\u0646\u062a\u0638\u0627\u0631: 120 \u0633\u0627\u0639\u0629 4. Size: 182*170*71 \u0645\u0644\u0644\u064a \u0645\u062a\u0631 \u061b \u0627\u0644\u0648\u0632\u0646: 157g 5. Support \u0628\u0644\u0648\u062a\u0648\u062b \u060c \u0628\u0637\u0627\u0642\u0629 \u062a\u0641 \u0648\u0648\u0636\u0639 \u0623\u0648\u0643\u0633 6. Support \u0644\u0647\u062c\u0629\u2026","rel":"","context":"\u062a\u062f\u0648\u064a\u0646\u0629 \u0645\u0634\u0627\u0628\u0647\u0629","block_context":{"text":"\u062a\u062f\u0648\u064a\u0646\u0629 \u0645\u0634\u0627\u0628\u0647\u0629","link":""},"img":{"alt_text":"","src":"https:\/\/i0.wp.com\/bonprix-dz.com\/wp-content\/uploads\/2023\/09\/303572236-462566177.jpg?fit=800%2C800&ssl=1&resize=350%2C200","width":350,"height":200,"srcset":"https:\/\/i0.wp.com\/bonprix-dz.com\/wp-content\/uploads\/2023\/09\/303572236-462566177.jpg?fit=800%2C800&ssl=1&resize=350%2C200 1x, https:\/\/i0.wp.com\/bonprix-dz.com\/wp-content\/uploads\/2023\/09\/303572236-462566177.jpg?fit=800%2C800&ssl=1&resize=525%2C300 1.5x, https:\/\/i0.wp.com\/bonprix-dz.com\/wp-content\/uploads\/2023\/09\/303572236-462566177.jpg?fit=800%2C800&ssl=1&resize=700%2C400 2x"},"classes":[]},{"id":3234,"url":"https:\/\/bonprix-dz.com\/?product=haylou-x1-neo-bt5-3","url_meta":{"origin":3272,"position":5},"title":"HAYLOU X1 Neo BT5.3","author":"bonprix-dz.com","date":"\u0633\u0628\u062a\u0645\u0628\u0631 24, 2023","format":false,"excerpt":"\u0627\u0644\u0645\u0648\u0627\u0635\u0641\u0627\u062a: \u0627\u0644\u0645\u0648\u062f\u064a\u0644: HAYLOU X1 Neo \u0648\u0627\u062d\u062f \u064a\u0627\u0631\u0628\u0648\u062f \u0627\u0644\u0648\u0632\u0646: 3.87g \u0628\u062a \u0627\u0644\u0625\u0635\u062f\u0627\u0631: bt5.3 \u0646\u0637\u0627\u0642 \u0627\u0644\u062a\u0634\u063a\u064a\u0644: \u062d\u0648\u0627\u0644\u064a 10 \u0645 (\u062f\u0648\u0646 \u0623\u064a \u0639\u0642\u0628\u0629) \u0648\u0642\u062a \u0634\u062d\u0646 \u064a\u0627\u0631\u0628\u0648\u062f: \u062d\u0648\u0627\u0644\u064a 1.5 \u0633\u0627\u0639\u0629 \u0639\u0645\u0631 \u0627\u0644\u0628\u0637\u0627\u0631\u064a\u0629: \u062a\u0634\u063a\u064a\u0644 5hours \u0646\u0648\u0639 \u0627\u0644\u0628\u0637\u0627\u0631\u064a\u0629: \u0644\u064a\u062b\u064a\u0648\u0645 \u0628\u0648\u0644\u064a\u0645\u0631 \u0643\u0644 \u0628\u0637\u0627\u0631\u064a\u0629 \u064a\u0627\u0631\u0628\u0648\u062f: 30mah \u0648\u0642\u062a \u0634\u062d\u0646 \u064a\u0627\u0631\u0628\u0648\u062f: \u062d\u0648\u0627\u0644\u064a 1.5 \u0633\u0627\u0639\u0629 \u0634\u062d\u0646 \u0627\u0644\u0628\u0637\u0627\u0631\u064a\u0629: 310mah \u0634\u062d\u0646 \u0648\u0642\u062a \u0627\u0644\u0634\u062d\u0646:\u2026","rel":"","context":"\u062a\u062f\u0648\u064a\u0646\u0629 \u0645\u0634\u0627\u0628\u0647\u0629","block_context":{"text":"\u062a\u062f\u0648\u064a\u0646\u0629 \u0645\u0634\u0627\u0628\u0647\u0629","link":""},"img":{"alt_text":"","src":"https:\/\/i0.wp.com\/bonprix-dz.com\/wp-content\/uploads\/2023\/09\/148608763-1758300879.jpg?fit=960%2C960&ssl=1&resize=350%2C200","width":350,"height":200,"srcset":"https:\/\/i0.wp.com\/bonprix-dz.com\/wp-content\/uploads\/2023\/09\/148608763-1758300879.jpg?fit=960%2C960&ssl=1&resize=350%2C200 1x, https:\/\/i0.wp.com\/bonprix-dz.com\/wp-content\/uploads\/2023\/09\/148608763-1758300879.jpg?fit=960%2C960&ssl=1&resize=525%2C300 1.5x, https:\/\/i0.wp.com\/bonprix-dz.com\/wp-content\/uploads\/2023\/09\/148608763-1758300879.jpg?fit=960%2C960&ssl=1&resize=700%2C400 2x"},"classes":[]}],"_links":{"self":[{"href":"https:\/\/bonprix-dz.com\/index.php?rest_route=\/wp\/v2\/product\/3272","targetHints":{"allow":["GET"]}}],"collection":[{"href":"https:\/\/bonprix-dz.com\/index.php?rest_route=\/wp\/v2\/product"}],"about":[{"href":"https:\/\/bonprix-dz.com\/index.php?rest_route=\/wp\/v2\/types\/product"}],"replies":[{"embeddable":true,"href":"https:\/\/bonprix-dz.com\/index.php?rest_route=%2Fwp%2Fv2%2Fcomments&post=3272"}],"version-history":[{"count":1,"href":"https:\/\/bonprix-dz.com\/index.php?rest_route=\/wp\/v2\/product\/3272\/revisions"}],"predecessor-version":[{"id":3273,"href":"https:\/\/bonprix-dz.com\/index.php?rest_route=\/wp\/v2\/product\/3272\/revisions\/3273"}],"wp:featuredmedia":[{"embeddable":true,"href":"https:\/\/bonprix-dz.com\/index.php?rest_route=\/wp\/v2\/media\/3292"}],"wp:attachment":[{"href":"https:\/\/bonprix-dz.com\/index.php?rest_route=%2Fwp%2Fv2%2Fmedia&parent=3272"}],"wp:term":[{"taxonomy":"product_cat","embeddable":true,"href":"https:\/\/bonprix-dz.com\/index.php?rest_route=%2Fwp%2Fv2%2Fproduct_cat&post=3272"},{"taxonomy":"product_tag","embeddable":true,"href":"https:\/\/bonprix-dz.com\/index.php?rest_route=%2Fwp%2Fv2%2Fproduct_tag&post=3272"}],"curies":[{"name":"wp","href":"https:\/\/api.w.org\/{rel}","templated":true}]}}